ighest common factor of d and l?
9
Let z(v) = 40*v + 1036. Let t be z(-25). What is the greatest common factor of t and 236?
4
Suppose 25 = 4*u + u + 5*c, c - 35 = -4*u. Suppose -l - w + 86 = 0, 4*w = 48*l - 47*l - 56. What is the highest common divisor of l and u?
10
Let f be 2/(-3) + 86/3. Let u(h) = h**3 - 14*h**2 - 2*h + 14. Let d be u(6). Let r = -258 - d. What is the highest common factor of r and f?
28
Let u be (-6)/(-21) + ((-1774)/(-14) - 7). What is the greatest common divisor of u and 10760?
40
Suppose -308 = -t - 2*d + 219, t = -4*d + 515. Calculate the highest common factor of t and 176.
11
Suppose 3*i = -438 - 342. Let z = i - -352. What is the highest common divisor of z and 92?
92
Let t = -104 - -65. Let n be ((-208)/(-12)*t)/(-2). Calculate the greatest common factor of 26 and n.
26
Let u(x) be the second derivative of -x**5/10 - 5*x**4/3 + 7*x**3/2 + x**2/2 + 95*x. Let i be u(-11). What is the highest common factor of i and 12?
12
Let t(a) = 6*a + 82. Let k be t(-13). Suppose -k*p - 2*v + 229 = -v, -v + 173 = 3*p. Calculate the greatest common divisor of p and 16.
8
Let k(j) be the first derivative of -2*j - 1/2*j**2 - 8 + 1/4*j**4 + 17/3*j**3. Let m be k(-17). What is the highest common factor of m and 120?
15
Let x(t) = -2*t**2 - 60*t + 108. Let l be x(-31). Suppose 3*h - 97 = -l. What is the greatest common factor of h and 187?
17
Let h(z) = -109*z + 4. Let q be h(-2). Let b = -158 + q. Calculate the greatest common divisor of 112 and b.
16
Let w(f) = 223*f**3 + 1. Let b be w(1). Suppose -141*m + 174323 = 58562. Suppose 0 = -5*n + m + b. What is the greatest common divisor of n and 19?
19
Suppose -u - 19 = 14. Let t = 93 + u. Let g = 1531 + -1519. What is the highest common factor of g and t?
12
Suppose -3*l = -16 - 2. Suppose -l*i = -3*i - 36. Let d = 3612 + -3608. What is the greatest common factor of i and d?
4
Suppose 210355 = 321*t - 366803. What is the highest common factor of t and 310?
62
Let m(q) = -q**3 + 8*q**2 - 6*q + 7. Let t be m(7). Let f be (-7)/(98/(-690)) - 4/t. Calculate the highest common divisor of 14 and f.
7
Suppose 0*t - m = -5*t + 687, 0 = -t + 4*m + 126. Let l = 47 + -1. Calculate the greatest common factor of t and l.
46
Suppose -695*i + 650*i = -151740. What is the highest common factor of i and 12?
12
Suppose -33*q = 7*q - 14320. Let r = 388 - q. Calculate the highest common divisor of 10 and r.
10
Let p = 18952 - 18636. Suppose x + 4*q = 206, 2*x = -5*q - 75 + 493. Let t = p - x. Calculate the greatest common divisor of 34 and t.
34
Let k = 39549 - 39365. Let p(z) = z**2 + z + 3. Let v be p(-5). Calculate the highest common factor of v and k.
23
Let t be (2/(-3))/((-20)/30) + -3. Let c be t/(-10) - (-24)/5. Suppose 22 = f + c. What is the highest common factor of 17 and f?
17
Let q = -5049 + 5098. What is the greatest common divisor of 2401 and q?
49
Let s(j) = -j**3 - 12*j**2 - 4*j - 13. Let r be s(-13). Let t = r + -34. What is the highest common divisor of t and 12?
6
Let v = -1 - -4. Let f = 1519 + -1517. Suppose -2*o = n - 13, -f*n = -v*o + n + 33. What is the highest common factor of 8 and o?
8
Let j be ((-2 - -1017) + -5)/(1/(140/8)). Calculate the highest common factor of j and 105.
35
Let s = 195 + -26. Let u = 95 + s. What is the highest common factor of u and 24?
24
Let t = 898 + -987. Suppose -4*q + 270 = -2*z, 3*z + 2*z - 2*q = -683. Let d = t - z. Calculate the greatest common factor of d and 3.
3
Let b = -82 + 118. Suppose 78 - 1678 = -10*v + 320. What is the highest common factor of b and v?
12
Let w(m) = 41*m**2 + 130*m - 976. Let v be w(6). Calculate the greatest common factor of v and 60.
20
Suppose -3*d + 27 = -5*b - 10, 5*b + 29 = d. Let w(p) = 7*p**3 - 22*p**2 + 11*p - 5. Let c be w(d). What is the highest common divisor of c and 30?
15
Let m = 1940 + -933. Suppose 756*u + 291*u - 18292 - 1601 = 0. What is the highest common divisor of m and u?
19
Let b be (-2640)/(-231)*(-651)/(-6). Calculate the greatest common divisor of b and 200.
40
Let c = 162 - 158. Suppose 4*v - 248 = -3*o, 3*v + c*o - 58 = 121. Calculate the highest common divisor of 715 and v.
65
Suppose 0 = 4*q + 5*q - 4186 + 667. What is the highest common factor of 374 and q?
17
Suppose 1118 = -4*u + 2*b + 2106, -5*b + 446 = 2*u. Calculate the highest common divisor of u and 63.
9
Suppose 15*q - 14*q - 159 = 0. Let i = q - 143. Calculate the highest common divisor of 208 and i.
16
Let p(k) = -k**2 - 15*k + 18. Let w be p(-16). Suppose -92 = b + 3*a, -3*a - 20 = w*a. Let o = b + 96. Calculate the greatest common factor of 32 and o.
16
Suppose 26*b - 8815 + 1192 = -7*b. What is the greatest common factor of b and 385?
77
Let u(g) = -g - 11. Let l be u(3). Let d be l/10*(-20)/4. Suppose 5*m + 40 = 4*k, 2*m - 45 = -5*k + d*m. What is the greatest common factor of 4 and k?
1
Let y be 1456/72 - 4/18. Let c be ((-4)/((-12)/15))/(y/100). Calculate the highest common factor of 15 and c.
5
Let p(v) = 2*v**3 - 4*v + 4. Suppose 10 = 3*y + 4*b, 7*y - 6*b + 8*b = 16. Let u be p(y). Calculate the highest common divisor of u and 64.
4
Let h(i) be the second derivative of 0 + 5*i - 7*i**2 - 7/3*i**3. Let s be h(-3). What is the greatest common factor of 252 and s?
28
Let a(c) = 81*c - 16. Let v be a(2). Let i be (v*5/(-30))/(5/(-60)). Calculate the greatest common factor of 4 and i.
4
Suppose 315 = 24*i + 4*i - 7*i. What is the highest common factor of i and 393?
3
Suppose -3*j = -0*j - 16 - 20. Calculate the highest common divisor of 256 and j.
4
Let s be 9*(-3)/(-9)*-43. Let w = 137 + s. Let p be 32 + 2 - w/(-20)*-5. What is the highest common factor of p and 80?
16
Suppose 7*z - 9*z = 4*y - 1202, -z + 631 = -4*y. What is the greatest common factor of 13 and z?
13
Suppose -2 = 2*j, 894 = 2*f + 3*j - 651. Suppose 9*m - 4 = 158. Calculate the greatest common factor of f and m.
18
Let l = 5374 + -5086. What is the highest common divisor of 224 and l?
32
Suppose 5*u = 5*d + 555, 0 = -2*u + 165*d - 161*d + 224. Calculate the greatest common factor of 704 and u.
22
Suppose 0 = 71*r - 120*r + 4606. Calculate the highest common factor of 6674 and r.
94
Let l(x) = -16*x - 3. Let v(y) = y + 1. Let z(p) = l(p) + 3*v(p). Let k be z(-4). What is the greatest common factor of 312 and k?
52
Suppose -3743 = -17*b - 3267. What is the greatest common factor of b and 7140?
28
Suppose 2*z + 0*r = 4*r + 48, -4*z + 118 = 3*r. Let u be (-135139)/(-603) + (-4)/36. Calculate the greatest common divisor of u and z.
28
Let l(g) = 2*g + g - 2*g + 3*g**2 - 134*g**3 - 1. Let r be l(-1). Let q be 7/((-126)/(-153)) + (-1)/(-2). Calculate the greatest common divisor of r and q.
9
Suppose 0 = -2*x - 2*s + 154, 2*s - 1331 = -x - 1251. What is the greatest common divisor of x and 52022?
74
Let i = 1934 + -1928. Let n(o) = o**2 - o. Let f be n(2). What is the highest common factor of i and f?
2
Let i(a) = -18*a + 6. Let q be i(4). Let g = q - -339. What is the highest common factor of g and 21?
21
Let r = -7593 + 8970. What is the highest common divisor of r and 85?
17
Let x be (-2)/(-4)*0*2/4. Suppose x = 5*g - 26 - 54. Suppose -14*l = -g*l + 30. Calculate the greatest common factor of 10 and l.
5
Let i be 100/2*364/(-65). Let k = 728 + i. What is the greatest common divisor of k and 28?
28
Suppose 15*v = 22*v + 462. Let d be (-1662)/v + 2/(-11). What is the highest common factor of 10 and d?
5
Let r(x) = 8*x - 4. Let v be 10/11 - 5/(-55). Let n be r(v). Suppose -n*z + 1068 = 220. Calculate the highest common divisor of z and 53.
53
Let f be 0*(14/(-6) - -2). Suppose 5*m - 2*m + 4*u - 675 = 0, f = 3*m - 5*u - 648. Calculate the highest common factor of 34 and m.
17
Suppose 0 = -12*w + 3709 + 9887. Calculate the highest common factor of 22 and w.
11
Let i = 1027 + -1023. Suppose 5*r - 580 = 3*r - 5*k, i*k = 5*r - 1516. Calculate the greatest common factor of r and 18.
6
Let v = 2852 + -2804. Let i = -1 - -4. Suppose 4*a = i*y + 51, -5*y + y = -a + 16. What is the greatest common divisor of v and a?
12
Suppose 11*k + 80 - 1312 = 0. What is the greatest common factor of k and 49?
7
Let n(r) = -463*r + 5. Let u be n(-1). Let t be -3 + 0 + u/3 - -2. Calculate the highest common factor of t and 31.
31
Let b be 7*((-88)/(-77) + -4)*291/(-15). Calculate the grea